der when -3*(-3)/(-18)*-648 is divided by 33?
27
Let j(u) = -33*u + 113. Calculate the remainder when 261 is divided by j(3).
9
Let u(m) = 2*m**2 + 17*m + 67. What is the remainder when u(-10) is divided by 48?
1
Let l(w) = -w**2 + 8*w + 14. Let b(z) = 6*z**2 - 39*z - 70. Let i(p) = -2*b(p) - 11*l(p). Calculate the remainder when 10 is divided by i(-8).
0
Let i(n) = -124*n**3 - 3*n**2 + 123*n**3 + 22 + 14*n**2. What is the remainder when 65 is divided by i(11)?
21
Let r = -26 + 32. Let z(n) = 6*n - 16. Calculate the remainder when z(r) is divided by 6.
2
Suppose -s = -3*s + 4*m + 4, -12 = -3*s + 4*m. Suppose -n = -w + 42, -4*n + 29 = 2*w - 73. Calculate the remainder when 196/9 + 10/w is divided by s.
6
Let p(j) = -j - 3. Calculate the remainder when 16 is divided by p(-8).
1
Let t(v) = v**3 + 12*v**2 + 12*v + 16. Let q be t(-11). Suppose 31 = 5*r - q*a - 279, -3*a + 204 = 3*r. Calculate the remainder when r is divided by 22.
21
Suppose 0 = -f - 86 + 764. Suppose -2*t + 176 = -6*t. Calculate the remainder when (-8)/t + f/22 is divided by 11.
9
Let q be -2 + 7*11 + 2 + 0. Let s = -9 + q. Suppose l + 4*j + 50 = 4*l, -2*l = -4*j - 32. What is the remainder when s is divided by l?
14
Let l(m) = 30*m**2 - m - 18*m**2 - 5 - 1 - 15*m**2 - 2*m**3. What is the remainder when l(-3) is divided by 13?
11
Suppose w - 2*l + 27 = -0*l, 4*w - 2*l = -78. Let j(y) = -2*y - 3. What is the remainder when j(w) is divided by 8?
7
Let b(f) = -f**3 + 9*f**2 + 11*f - 4. Suppose -22 = -3*p + 47. Calculate the remainder when p is divided by b(10).
5
Let a = 2068 + -2051. Calculate the remainder when (-4)/(-6) + (-398)/(-6) is divided by a.
16
Let u(b) = 2*b**3 + 9*b**2 + b. Let a be u(-4). What is the remainder when ((-160)/a)/((-2)/6) is divided by 14?
12
Calculate the remainder when 5 - (-1 + 7)*-14 is divided by 6.
5
Suppose -52 = -5*r + 78. Suppose 4*x - 51 = 13. Suppose s - r = l, 0*s + x = s + 4*l. Calculate the remainder when s is divided by 13.
11
Let w(g) = 5*g**2 + 4*g + 3. Let d be w(-1). Let f = 12 + d. Calculate the remainder when 30 is divided by f.
14
Let h(l) = -l + 1. Let b(r) be the second derivative of r**5/20 - r**4/4 - 2*r**3/3 + 2*r**2 + 3*r. What is the remainder when h(-5) is divided by b(4)?
2
Let t = 308 + -298. Calculate the remainder when t is divided by 8.
2
Calculate the remainder when 797 is divided by (-484)/(-6) - ((-130)/(-15))/13.
77
Suppose 3*i + 0*i + 3 = 0. Let z = i + 0. What is the remainder when (3/(9/(-201)))/z is divided by 17?
16
Let t be (15 + 5 + -4)*1/2. Suppose z + 4*l - 29 = 0, 4*l = 3*z + t*l - 55. What is the remainder when 47 is divided by z?
8
Suppose 6*m - 45 = 5*m. Let p(n) = n**2 + 1. Let v be p(-2). Suppose 0 = -5*f - v + 85. Calculate the remainder when m is divided by f.
13
Let f(v) = v + 8. Let x be f(-11). Let j = 0 - x. Suppose -q - j*q = -172. Calculate the remainder when q is divided by 11.
10
Suppose 0 = -f - 0*f + 3*z - 198, 4*f - 3*z + 828 = 0. What is the remainder when (-28)/10*f/12 is divided by 26?
23
Let a = 23 + -8. What is the remainder when (4 - (-17)/((-17)/2))*29 is divided by a?
13
Let t(z) = -6*z + 1. What is the remainder when 163 - 78 - 0/(2 - 4) is divided by t(-4)?
10
Suppose -6*p - 102 = 11*p. Let v(b) = -b**3 - 4*b**2 - 7*b + 23. Calculate the remainder when v(p) is divided by 46.
45
Suppose 0 = -4*u + 3*b - 6, 2*u + 5*b + 5 = 15. Suppose m - 10 - 20 = u. Let c = -6 + m. Calculate the remainder when c is divided by 13.
11
Suppose 4*i - c + 0*c + 37 = 0, 5*c + 25 = -i. Calculate the remainder when ((-44)/10 + 0)/(2/i) is divided by 6.
4
Suppose -22 = m - 5*i, 4*m - 3*i + 61 = -10. Let d = 25 + m. What is the remainder when 15 is divided by d?
7
Let k(t) = 6*t**2 - t**3 - t - 5*t + 3*t + 5*t - 8. Let a(r) = 5*r**3 + 2*r**2 - 1. Let g be a(1). What is the remainder when 11 is divided by k(g)?
3
Suppose 86*t + 61 = 87*t. Let f(a) be the first derivative of a**4/4 + 8*a**3/3 - 11*a**2/2 - 2*a + 4. What is the remainder when t is divided by f(-9)?
13
Let q(o) = o**2 - 17*o - 4. Suppose -2*m + 0 = -30. Calculate the remainder when q(20) is divided by m.
11
Let w(b) = 14*b + 226. Calculate the remainder when 452 is divided by w(-8).
110
Let h(g) = -10*g - 3. Suppose 10*x = 3*x - 49. What is the remainder when h(x) is divided by 18?
13
Suppose 0 = -94*u + 32*u + 558. What is the remainder when 256 is divided by u?
4
Suppose j = 4*j - 15, 4*j + 10 = d. Suppose c = 4*c - d. Calculate the remainder when 58 is divided by c.
8
Let c = 47 + -51. What is the remainder when -87*(c + (-33)/(-9)) is divided by 17?
12
Let y(l) = -l**3 - 6*l**2 + 6*l. Let r be ((-28)/(-6))/(6/(-9)). What is the remainder when 34 is divided by y(r)?
6
Let c(u) be the first derivative of -u**2/2 + 4*u - 3. Let v be c(6). Let g(r) = -4*r - 3. Calculate the remainder when 17 is divided by g(v).
2
Suppose -2*i = -4*m + 1700, m - 4*i + 109 - 541 = 0. What is the remainder when m is divided by 25?
24
Suppose 3*r - 36 - 21 = 0. Suppose -7*b = 153 - 531. Calculate the remainder when b is divided by r.
16
Let n(v) = -360*v**3 - 1. Let s be n(-1). Suppose y = -4*u + s, -4*u + u + 298 = -5*y. What is the remainder when u is divided by 48?
43
Suppose -2*q + 127 = w, -4*q - w = -192 - 57. Calculate the remainder when 119 is divided by q.
58
Let d = 1025 + -969. Calculate the remainder when 445 is divided by d.
53
Let n = 37 + -36. Calculate the remainder when 33 is divided by 0 + -4 + 16/n.
9
Suppose -97 = -5*x + 2*h, 2*x + 7*h - 34 = 9*h. Suppose -4*t + 15 = -17. Calculate the remainder when x is divided by t.
5
What is the remainder when ((-569)/3)/(67/(-201)) is divided by 10?
9
Let a(h) = -20*h + 11. Let k be a(-9). Let u = -188 + k. Suppose -4*w - 1 = l, 42 = 3*l + 2*w - 5*w. What is the remainder when l is divided by u?
2
Let y(b) = -4*b**3 + b**2 - 4*b - 3. Let i be y(-2). Let z = 23 + i. Let m = z - 35. What is the remainder when 86 is divided by m?
28
Suppose 3*o + 12 = 30. Suppose -o*z = z - 266. What is the remainder when 74 is divided by z?
36
Let d = -82 - -86. Suppose 2*h - 15 = -2*i + 135, -3*h + d*i + 190 = 0. Calculate the remainder when h is divided by 15.
10
Let f = 125 - -302. Let c = f + -254. Calculate the remainder when c is divided by 22.
19
Let t = 68 + 9. Let u = t - 65. Calculate the remainder when 57 is divided by u.
9
Calculate the remainder when (98 - -2)*((-15)/(-6) - 1) is divided by 8.
6
Let t(s) be the third derivative of s**4/12 + s**3/3 - s**2. Let p be t(-8). Calculate the remainder when (-78)/(-4) + 7/p is divided by 5.
4
Suppose 31*l - 10216 = -1567. What is the remainder when l is divided by 71?
66
Let w be (-12 - -14)*((-3)/2)/3. Let t(k) = -2*k - 9. Let l be t(-11). Let b = l + w. What is the remainder when 46 is divided by b?
10
Let q(b) = 8*b - 27. Let o(g) = 4*g - 13. Let l(n) = 5*o(n) - 2*q(n). What is the remainder when l(7) is divided by 3?
2
Suppose -2*p = 10, 0 = 2*z - 5*p - 0*p - 35. Suppose h - 3*y - y = -4, 0 = -3*h + z*y + 16. Calculate the remainder when 58 is divided by h.
10
Let d(w) = w**2 + 12*w + 14. Let y be d(-11). Suppose 0 = t - y*v, 0*t + v + 26 = -4*t. What is the remainder when 54 is divided by (-332)/(-12) - 2/t?
26
Let y(l) = 3*l**2 - 5*l - 3. Let w be y(-1). Suppose t - 2*v = 59, -78 = -t + w*v - 28. Calculate the remainder when t is divided by 22.
21
Let i = -56 - -150. Let z(r) = 2*r**3 - 6*r**2 + 2*r + 3. Let j be z(4). Let k = i - j. What is the remainder when k is divided by 13?
12
Suppose -6 = -3*j + j. Let n be 2/(-3) + 6 + (-42)/18. Suppose 32 = 4*s - n*t, 2*t - 46 = -5*s + 17. What is the remainder when s is divided by j?
2
Calculate the remainder when (3/(-33))/(4/(-22))*414 is divided by 65.
12
Let m be (-4 + 1)*4/(-3). What is the remainder when ((-44)/m)/(3/(-15)) is divided by 15?
10
Let r(s) = 15*s - 4. Let p be r(-2). Calculate the remainder when 28 is divided by (-17)/p - (-19)/2.
8
Suppose 2*n = 2*z - 0*z - 36, 2*z = -n + 27. Calculate the remainder when z is divided by 7 - 7*(-3)/(-7).
3
Let i(c) = 3*c - 12. Suppose -33*v - 144 = -49*v. Calculate the remainder when i(9) is divided by v.
6
Suppose -5*i - 122 = -2693*k + 2689*k, -2*i - 104 = -4*k. Let r(a) = -a**3 + 6*a**2 - 2*a - 3. What is the remainder when k is divided by r(5)?
11
Let t(b) = -